29. Let r be w(-20). Let d(a) = a**2 + 11*a + 9. Calculate d(r).
-9
Let o(r) = 4*r**3 + 23*r**2 - 15*r - 14. Let p(g) = 5*g**3 + 25*g**2 - 16*g - 12. Let z(k) = -6*o(k) + 5*p(k). Determine z(12).
0
Let z(r) = 2*r + 9. Let a = 1202 + -1206. Give z(a).
1
Let x(g) be the third derivative of -5*g**4/24 - g**3/2 + 182*g**2. Calculate x(-4).
17
Let m(q) = 17*q**2 + 30*q + 45. Let z(f) = -7*f**2 - 15*f - 23. Let i(r) = 2*m(r) + 5*z(r). What is i(-13)?
1
Let u(l) = -21*l - 3. Let x = 2 + -11. Let n be u(x). Let a(f) = -n + 186 - 4*f**2 - f**3. What is a(-4)?
0
Let u = 312 + -307. Let w(d) = -d**3 + 6*d**2 - 5*d - 9. Determine w(u).
-9
Let o = 131 - 124. Let i(w) = o*w - w**2 - 1 - 11*w + 0 - 3*w**3 + 6*w. What is i(-2)?
15
Let l(k) = -4*k**2 - 8*k + 14. Let n(p) = p**2 + 3*p - 2. Let h(u) = l(u) + 3*n(u). What is h(7)?
-34
Let p(c) = 3*c + 16. Let i be p(-16). Let l = i - -38. Let z(y) = -y**2 + 5*y + 7. What is z(l)?
1
Suppose 2*v - 4 = 0, d + 11 - 4 = 4*v. Let r(f) = -3*f - 2. Let o(n) = -n. Let x(a) = 4*o(a) - r(a). Give x(d).
1
Suppose -5*s + 399 = -266. Let w be (-4)/(-14) + s/49. Let a(i) = 1 + 0 - 3 + i**w + 4 - 5*i - 4*i**2. Determine a(5).
2
Let w(g) = g**2 - 15*g + 9. Let d(f) = -f**2 + 13*f - 9. Let j(i) = -3*d(i) - 2*w(i). Give j(6).
-9
Let d = 67 + -72. Let g(a) = 2*a - 4. What is g(d)?
-14
Let o(r) be the third derivative of -r**4/24 + 2*r**2 + 44*r. Give o(0).
0
Let l(y) = 126*y - 12. Let a(d) = -5*d + 1. Let w(b) = 24*a(b) + l(b). What is w(-3)?
-6
Suppose 22559 = 21*r + 22454. Let b(j) = 6*j + 3*j**2 - 5*j**2 + 6 + 0*j**2. Give b(r).
-14
Suppose -30 = 4*b + 2*u, -2*b - 3*b + u = 55. Let c(z) = -z**2 - 6*z + 10. What is c(b)?
-30
Let t be ((-12)/(-15))/(8/(-60)). Let o be (t/15)/(2/(-20)). Let l(y) = 2*y**2 + 7 - 12 + o*y - y**2. Determine l(-4).
-5
Let c(z) = -z**2 - 5*z. Let a(j) = j**2 - 4*j - 6. Let k be a(-6). Suppose -3*x + 128 = 5*q, 3*q - 5*x - k = 50. Let b be 66/(-14) - 8/q. Calculate c(b).
0
Let h(x) = -18*x + 6. Let j(k) = -15*k + 3. Let q(c) = 4*h(c) - 5*j(c). Calculate q(-6).
-9
Let p(c) be the second derivative of -c**5/20 + c**4/6 - 2*c**3/3 + 2*c**2 + 26*c - 3. What is p(2)?
-4
Let o(p) = p - 1. Let m be o(6). Suppose u - 3 = -m. Let d(z) = 79*z - 79*z - 2*z**2. What is d(u)?
-8
Suppose -8*v + 12*v = 8. Let i(d) = 166*d + 3*d**v - 168*d + 7*d**3 - 9*d**3. Let m = 2 + 0. Calculate i(m).
-8
Let t(a) = -a**2 - 6*a - 5. Let f be t(-5). Suppose f = -27*m + 23*m - 8. Let p(c) = -6*c**2 - 2*c + 1. Calculate p(m).
-19
Let v(z) be the second derivative of z**3/3 + 3*z**2 + 120*z. Determine v(-1).
4
Suppose 6 = 12*a - 30. Let o(t) = 2*t**2 - 5. Calculate o(a).
13
Suppose -4*c = -9*c. Let o(r) = -9*r**2 - 6*r - 5. Let v(l) = 11*l**2 + 7*l + 6. Let t(x) = -6*o(x) - 5*v(x). Determine t(c).
0
Let r be (-90)/15 - -1*3. Let w be (3 + -5)/((-6)/r). Let n(y) = 9*y**3 - 2*y**2 - y. What is n(w)?
-10
Suppose -10*v - 100 = -15*v. Suppose -2*z + 16 = 2*n, v = 5*z + 5*n - 4*n. Let o(t) be the third derivative of -t**4/24 + 7*t**3/6 + t**2. Calculate o(z).
4
Suppose -8*h + 55 = -3*h. Let n(f) = 0*f**2 - 18 + 0*f**2 + 23*f + h*f**2. Let a(p) = -7*p**2 - 15*p + 12. Let y(z) = -8*a(z) - 5*n(z). Determine y(-5).
-6
Let p(y) = -y**3 - 27*y**2 + 63 - 6*y + 31*y**2 - 57. What is p(4)?
-18
Let l(c) = -c. Let q(k) = -k. Let p = -105 + 104. Let o(i) = p*l(i) + 2*q(i). Calculate o(8).
-8
Let q(y) = -1 + 3*y**2 + 4 + y - y + 5*y. Suppose -4*z + 15 = -z. Suppose 0*t - z*r = 3*t + 24, -4*t - 4*r - 24 = 0. Calculate q(t).
15
Let s(u) = -2*u**2 + 10*u - 3. Suppose -45 + 5 = -10*q. Determine s(q).
5
Let h be 2 + 44/(-20) + 5*55/125. Let x(d) = 6. Let i(n) = n + 5. Let p(b) = -5*i(b) + 4*x(b). Give p(h).
-11
Let n(z) = 41*z**2 + 1. Suppose -1322*g = -1330*g + 8. What is n(g)?
42
Let n(s) = 2*s + 6. Let m be (-3)/1 - (-4 + -24). Let p = 12 + m. Suppose -p = 6*j - 13. Determine n(j).
-2
Let z(h) = -h**3 - 7*h**2 - 3*h + 7. Suppose -5*m + 2*c = 41, 29 = -2*m + 29*c - 24*c. What is z(m)?
28
Let k = 0 - -3. Suppose -3*z - 2*f = -12, k*z = 4*f - f - 3. Suppose 5*b - b = z*g - 18, -6 = -g + b. Let v(t) = -t**3 + 3*t**2 + t - 3. Determine v(g).
0
Suppose 0*d - 16 = 4*d. Let p(g) be the first derivative of -23*g**2 - 1 + 22*g**2 - g - 5 - 4*g. Determine p(d).
3
Let c(f) = -93*f + 4 + 95*f - 1. Suppose 3*w = 7*v - 3*v - 3, 2*v - 6 = 0. Determine c(w).
9
Let r(b) = 7*b**3 + 4*b**2 + 5*b - 6. Let p(a) = -32*a**3 - 18*a**2 - 21*a + 25. Let u(j) = -2*p(j) - 9*r(j). Give u(-3).
-14
Let q(w) = w**2 + 13*w + 19. Let n be q(-2). Let t(d) = -d**3 - 2*d**2 + 2*d + 1. Calculate t(n).
4
Let a(f) = 9*f - 33. Let g(p) = 10*p - 38. Let i(x) = 9*a(x) - 8*g(x). Determine i(-16).
-9
Let w(m) be the third derivative of -m**4/8 - 2*m**3/3 - 297*m**2. Determine w(11).
-37
Suppose 0 = k - 6*k + 315. Suppose k = -4*o + 207. Let p be ((-3)/(-6))/((-3)/o). Let n(a) = -a**3 - 7*a**2 - 7*a - 4. Calculate n(p).
2
Let x(l) be the third derivative of -l**5/60 - 5*l**4/8 - 11*l**3/6 + 187*l**2. What is x(-14)?
3
Let m(a) be the second derivative of -3*a**2 - 1/12*a**4 + 7/6*a**3 + 0 - 9*a. Let j be ((-18)/(-21))/((-3)/(-21)). Calculate m(j).
0
Let m(z) = -3*z**3 - z + 1. Let o(d) = -6*d**2 - 5*d - 6. Let s be o(-2). Let w be (-2)/(-4) - s/40. Determine m(w).
-3
Let z(y) = y**2 - 12*y + 14. Suppose 3 = -5*s + 233. Suppose -m + 17 - 4 = -3*i, 4*i - s = -5*m. Let h be z(m). Let w(p) = -p**2 - 5*p - 2. Determine w(h).
-8
Let d(t) = -t**2 + 20*t - 86. Let s be d(7). Let m(v) = 2*v**2 - 7*v - 1. What is m(s)?
14
Let a(b) = 3*b**2 + 21*b + 2. Let t(z) = 2*z**2 + 11*z + 3. Let u(i) = -3*a(i) + 5*t(i). Calculate u(8).
9
Let x(i) = -4*i**2 - 64*i - 61. Let r be x(-15). Let j(u) = u**2 + 1. Determine j(r).
2
Let t(d) = 33*d**2 + d - 1. Let p(r) = 35*r**2 + r - 1. Let m(o) = 6*p(o) - 7*t(o). Determine m(1).
-21
Let n(f) = f**2 + f - 4. Suppose 5*u = 7*m - 11*m + 30, 5*m = 0. Determine n(u).
38
Let p(t) be the first derivative of t**4/4 + 2*t - 23. Suppose w + 6 = -u, 0 = -w + 3*w + 8. Determine p(u).
-6
Let w(k) be the first derivative of -k**2/2 - k - 32. Let b(p) = 2*p**2 - 3*p - 2. Suppose 0 = -3*x - 0*x - 3. Let j(s) = x*b(s) + 3*w(s). Determine j(1).
-3
Let h(i) = i**2 - 7*i + 18. Let j be h(5). Suppose -j*t + 3*t + 10 = 0. Let s(f) = -5*f + 3. Let g(v) = 9*v - 5. Let n(y) = -6*g(y) - 10*s(y). Calculate n(t).
-8
Suppose -3*v - r - 22 = 0, 2*v + 0 = -2*r - 12. Let s(k) = -k**2 - 10*k - 11. Let y be s(v). Let p = y - 3. Let c(l) = l**2 - 2*l. Determine c(p).
0
Let q(x) = -2*x**2 + 20*x - 11. Suppose 0 = l + l - 3*s - 21, 5*s = -4*l + 31. Determine q(l).
7
Let m be (6/5)/((-2)/10). Let c(t) = 2*t**3 + 2*t**2 - 10*t + 35. Let i(g) = 5*g**3 + 3*g**2 - 28*g + 93. Let s(k) = -8*c(k) + 3*i(k). Give s(m).
-13
Let x(f) = -7*f**2 - f**3 - 6 + 15*f**2 + 0*f - 5 + 0*f. What is x(8)?
-11
Suppose 4*d - 15 = -j, 0 = 5*j + 3*d - 7 - 17. Let y(q) = -2*q - 1. Give y(j).
-7
Suppose 49*u = 41*u - 72. Let y(a) = -a + 7. Determine y(u).
16
Let d(m) = -36*m - 8 + 37*m + 3. Let b = 38 - 31. Give d(b).
2
Let c = -88 - -57. Let u = -38 - c. Let w(i) = i**3 + 7*i**2 - i - 2. Give w(u).
5
Let b(c) be the first derivative of -8*c**2 + 7 + 2*c + 4*c - 2*c + 7*c**2. Suppose -l + 24 = 4*l + 2*r, l = 2*r. Calculate b(l).
-4
Let j(a) = -a**2 - 7*a - 1. Let t be (-1 - 3 - 0) + 5 + 12. Suppose 0*f = -f - 20. Let w = t + f. What is j(w)?
-1
Let b(n) = n**3 + 6*n**2 + 5*n - 3. Let c = -63 - -63. Let r(w) = -3*w**2 + 2*w - 5. Let m be r(c). Calculate b(m).
-3
Let p(c) = -c**2 + 2. Let b be p(2). Let g(k) be the third derivative of 0*k + 12*k**2 - 1/3*k**3 + 0 - 1/30*k**5 + 0*k**4 - 1/120*k**6. Determine g(b).
-2
Let s(k) = k**2 - 10*k + 2. Suppose 2*n - 3*n + m = -7, 0 = 3*m + 15. Suppose -f + n = -5. Give s(f).
-19
Let p(n) = -2*n + 13. Let s = -3 + 15. What is p(s)?
-11
Suppose 2*g + c - 6 = -c, 3*g - c - 17 = 0. Let s(d) = -d**2 + 3*d + 6. Determine s(g).
-4
Let k(c) = 9*c + 1. Let w be (143/11 - 20) + (6 - 0). What is k(w)?
-8
Let y(p) be the second derivative of p**4/12 + 4*p**3/3 + 4*p**2 - p. Suppose 28*a = -110 - 58. Calculate y(a).
-4
Let z(o) be the second derivative of -o**4/12 + o**3 + 6*o**2 - 4*o + 164. Give z(9).
-15
Let k be ((-6)/(9 + -3))/(-6 - -3). Let f(w) be the second derivative of 0*w**2 + 1/20*w**5 + 9*w + 0 + 1/6*w**